-0*m + o*m - 40. List the prime factors of m.
2, 5
Let b(p) = -p - 2. Let j be b(-5). Suppose 0 = -4*t + 2*c + 2*c + 8, j*t - 5*c = 12. Let y(g) = -8*g**3 - 1. What are the prime factors of y(t)?
7
Suppose 0 = 2*m + 3*c - 54, -3*m = 2*c - 75 - 11. Let r = 48 - m. What are the prime factors of r?
2, 3
Let w(l) be the second derivative of l**5/60 - l**4/12 + l**3/2 - 2*l**2 + l. Let m(r) be the first derivative of w(r). What are the prime factors of m(4)?
11
Let f = 13 - 20. Let n(j) = -j**2 - 6*j + 5. Let y be n(f). List the prime factors of (-1 - 2)/(y + 1).
3
Let g(l) = -l**2 + 16*l - 22. Let q be 4/14 + (-488)/(-56). What are the prime factors of g(q)?
41
Let k be 0 + -1 - 21/(-7). Suppose -146 = 4*u + k*s, 0*u + 4*s - 189 = 5*u. Let h = u - -55. List the prime factors of h.
2, 3
Let b be 4/3*(-45)/(-2). Suppose -4*i = -6*f + 3*f + 12, b = -3*i - 3*f. List the prime factors of 21/i*-2 + -2.
5
Let b(l) = 7*l + 5. List the prime factors of b(3).
2, 13
Let s be (5 + -1)*2/(-4). Let d = s - -8. List the prime factors of d.
2, 3
Let k(f) = -f**2 + 5*f - 2. Let b be k(5). List the prime factors of (29/b)/((-8)/16).
29
Let i be (152/12)/(4/6). Suppose -g = 3*v - i, 2*v + 2*g = 6*v - 22. What are the prime factors of v?
2, 3
Suppose f - 2*w - 3*w = 111, -f + 2*w + 105 = 0. What are the prime factors of f?
101
Suppose 3*j - j + 116 = 3*u, -3*u - j + 104 = 0. Suppose 5 = 3*f - 4. Suppose -5*r - 3*i + u = 0, f*r - i - 11 = 19. List the prime factors of r.
3
Let w(n) = -n - n**3 + 0*n**3 + 12 + 9*n**2 - 1. Suppose 3 = -3*j, -5*f + j = -0*f - 46. What are the prime factors of w(f)?
2
Let r(f) = -f**2. Let a(d) = -4*d**2 + d - 2. Let n(z) = -a(z) + 2*r(z). List the prime factors of n(-2).
2, 3
Let w(o) = -2*o + 2. Suppose c - 4 = -p - 6, p - 4*c = -17. Let g = p + 1. List the prime factors of w(g).
2, 5
Let c(r) = -5*r - 1 + r**2 - 2 + 0*r**2. List the prime factors of c(6).
3
Let n = -18 + 28. What are the prime factors of n?
2, 5
Suppose -5*b + 225 - 10 = 0. Let t = 63 - b. List the prime factors of t.
2, 5
Let m = -14 - -11. What are the prime factors of (-530)/(-30) + (-1)/m?
2, 3
List the prime factors of (-29 - 4)/((-3)/(3 - -12)).
3, 5, 11
Let b(j) = j**2 - 11*j + 3. Let u be b(8). Let c = 40 + u. What are the prime factors of c?
19
Let g = -90 - -109. What are the prime factors of g?
19
Let c(i) = i + 8. Let h be c(0). Suppose 0 = -3*w + 20 - h. List the prime factors of w.
2
Let y = 110 + -28. Suppose -4*x + y = 2*s, -s - 53 = -2*x + 2*s. What are the prime factors of x?
2, 11
Let m = 90 - 64. List the prime factors of m.
2, 13
Let m(o) = -o**3 + 5*o**2 + 6*o + 5. Let f be m(6). Suppose -2*w = -2*a + a + f, a - 4*w = -1. What are the prime factors of a?
11
Suppose -114 = 5*b - 7*b. List the prime factors of b.
3, 19
What are the prime factors of -2 + (-14)/(-10) + (-5915)/(-25)?
2, 59
Suppose -311 = -4*d - 5*h, h + h + 346 = 4*d. List the prime factors of d.
2, 3, 7
Suppose g - d = 21, 3*d + 5 = -7. Suppose 4*t + 18 = 3*w - 25, 3 = 3*w. Let i = g + t. What are the prime factors of i?
7
Let w be (-9)/21 - 18/7. Suppose 3*n = 3, 5*z - z - 5*n + 1 = 0. Let j = z - w. What are the prime factors of j?
2
Let a = 180 - -164. What are the prime factors of a?
2, 43
Suppose 15 = 5*f, v - f + 19 = -3*v. Let y = 6 + v. List the prime factors of y.
2
Suppose 4 = 2*c - 0*c. Suppose 0 = -2*g + c + 50. List the prime factors of g.
2, 13
Let u be (1/1)/((-4)/(-28)). Suppose 3*s - s = -p, -5 = 5*s. Let y = u + p. What are the prime factors of y?
3
Let m(x) = 11*x - 2. What are the prime factors of m(1)?
3
Let h = 3 + -1. Suppose 18 = h*u - 10. Suppose -u = -v - 1. List the prime factors of v.
13
Let n = -16 - -21. Suppose -117 = -n*s + 33. What are the prime factors of s?
2, 3, 5
Let u = 11 + -15. Let t(l) = -l**3 - 4*l**2 - l - 2. Let c be t(u). List the prime factors of 168/27 + c/(-9).
2, 3
Suppose k + 0*k = -5*v + 191, 121 = 3*v - k. List the prime factors of v.
3, 13
List the prime factors of 204/15*5/2.
2, 17
Suppose 4*c - 11 + 3 = 0. List the prime factors of 176/12*(c - -1).
2, 11
Let k(g) = -g + 7. Let b be k(7). Suppose 0 = -b*s - 5*s + 20. Let z = s - -13. What are the prime factors of z?
17
Let q be 1*(-3 - -1)/(-2). Let r = 11 - q. List the prime factors of r.
2, 5
Suppose 5*r - 15 = 8*b - 3*b, 23 = 5*r - 3*b. Suppose -5 - r = -2*a. Suppose -k - 2*k + a = 0. List the prime factors of k.
2
Let t(w) = -2*w - 8. Let u be t(-7). Suppose 3*p - u = p. Suppose 2*g + 7 = 4*q - 27, -p*q + 21 = 3*g. What are the prime factors of q?
2
Suppose -2*t + 2166 = 17*t. List the prime factors of t.
2, 3, 19
Let x(d) = d**2 - 18*d - 4. List the prime factors of x(19).
3, 5
Let m(u) = -u**3 + 13*u**2 + 30*u + 19. List the prime factors of m(15).
19
Suppose -u - 5*n + 5 + 3 = 0, 4*n + 5 = 3*u. Let t be (-1 + 0)*38/(-2). Suppose 8 = w - 2*s, 2*s - s = u*w - t. What are the prime factors of w?
2, 3
Let u(o) = 15*o - 29. List the prime factors of u(5).
2, 23
Suppose -5*k = 2*v - 318, -6*k + 5*k - 822 = -5*v. List the prime factors of v.
2, 41
Let q(d) = -39*d - 4. List the prime factors of q(-2).
2, 37
Let s(h) = h**3 + 14*h**2 + 13*h - 24. What are the prime factors of s(-11)?
2, 7
Suppose -25*c + 28*c = 330. What are the prime factors of c?
2, 5, 11
Let u = 7 - 2. Let q = 17 - u. List the prime factors of q.
2, 3
Let u = -9 + 7. What are the prime factors of 7 - (u - (0 + -2))?
7
Let w = -1 + -6. What are the prime factors of (-6)/21 - 16/w?
2
Let k(t) = t + 1. Let m(s) = -s. Let d(b) = -2*k(b) + m(b). Suppose a - 1 = r, -5*a = r + r + 23. List the prime factors of d(r).
2, 5
Let x be 2 + 5 + 1 + -2. Let o(a) = 3*a - 5. What are the prime factors of o(x)?
13
Let d be 4 - (0 + 0 + -1). Suppose 2*w - 5*y = -2*y + 5, 0 = -w - d*y + 22. Suppose k - w + 2 = 0. What are the prime factors of k?
5
Suppose 5*t - 6*o - 25 = -o, 4*o + 22 = 5*t. List the prime factors of t + 1 - 4 - -13.
2, 3
Suppose 5*z - 4*r - 36 = 25, 4*r + 16 = 0. Suppose -4*d + 32 = -0*d. Let c = d + z. What are the prime factors of c?
17
Suppose 22 + 29 = 3*u. Suppose -u + 2 = 3*g. List the prime factors of 4*(-2)/4 - g.
3
Suppose 5*h = 2*v - 5*v + 12, 0 = -4*h + 12. Let c be 6/3 + v - 0. Let x = 3 - c. List the prime factors of x.
2
Let r(l) = 3*l - 2. Let o be r(-2). Let w be (-6)/(-2) + o + 4. What are the prime factors of -2 + (11 - (2 - w))?
2, 3
Suppose 6 = r + 2. Let q be (-2 + 3*6)*r. Suppose 3*u - 5*w = q, 0 = 5*u + 5*w - 51 - 29. What are the prime factors of u?
2, 3
Suppose -2*v = 4*v - 1956. List the prime factors of v.
2, 163
Suppose 0 = -y - y + 14. Suppose -24 = -3*x - 414. List the prime factors of (-2)/y - x/14.
3
Let f(a) = 21*a - 7. What are the prime factors of f(8)?
7, 23
Let r = -1 + 3. Suppose -5*j = -2*u + 45, -r*u + 0*u - 5*j + 15 = 0. What are the prime factors of u?
3, 5
Suppose u - 1 = 1. Suppose -2*a = g - 17, 0 = -a - 4*g + u - 4. List the prime factors of a.
2, 5
Suppose -3*p + 45 = -k, -3*p + 4*p = 5*k + 29. Let c be (-6)/(-21) - (-52)/p. Suppose 0 = c*q - 17 - 35. List the prime factors of q.
13
Suppose -2*o + 3 = -5*o. Let w = 1 - o. Suppose -5*t = -28 - w. List the prime factors of t.
2, 3
What are the prime factors of 8/(-10) + 3897/15?
7, 37
Suppose 2*n = -9 - 69. Let z = -24 - n. What are the prime factors of z?
3, 5
Let n(d) = d**3 - 13*d**2 - 4*d + 14. What are the prime factors of n(14)?
2, 7, 11
Let g(v) = -v**3 - 2*v**2 + v - 1. Let c be g(-3). Suppose c*l = 3*y + 40, 3*l - 45 = 5*y - l. List the prime factors of y*1*(-8)/10.
2
Let w = -2 - -3. Let m be -2 - (w - (-2 + 3)). Let n = 0 - m. List the prime factors of n.
2
List the prime factors of 2/8 + 1*910/8.
2, 3, 19
Let p = -50 + 111. What are the prime factors of p?
61
Let x(k) = -k**3 + 2*k + 1. Let l be x(-3). List the prime factors of 209/l*(-1 - -3).
19
Suppose 3*g - 6 = -3*n, 8 = -4*g + 3*n + n. Suppose 3*m - 22 + 172 = g. List the prime factors of ((-6)/(-10))/((-5)/m).
2, 3
Let m(s) = s**3 - 4*s**2 - 3*s - 7. What are the prime factors of m(5)?
3
Let q(k) = k**2 - 6*k + 3. Let u(g) = -g**2 + 6*g + 5. Let n be u(8). Let z = -4 - n. What are the prime factors of q(z)?
2, 5
Suppose 0 = 2*z - 5*u - 15, -3*z = -z + 5*u + 15. Suppose z*y = -3*y + 21. List the prime factors of y.
7
List the prime factors of -1 + 